a prime number?
False
Is 3432293 a composite number?
True
Is 157556983 a prime number?
False
Is 19273873 prime?
False
Is 118273811 prime?
False
Is 13708939 composite?
False
Is 22995223 composite?
False
Is 71601385 a composite number?
True
Is 2304823 prime?
True
Is 89455217 prime?
False
Is 156756293 composite?
True
Is 165798079 a prime number?
True
Is 156181127 a composite number?
False
Is 36800573 prime?
True
Is 73294591 composite?
True
Is 16344217 composite?
False
Is 735937 a composite number?
False
Is 1001107 composite?
False
Is 1969933 a composite number?
True
Is 807361 a composite number?
True
Is 1344641 prime?
True
Is 35297131 a composite number?
False
Is 34976941 composite?
False
Is 2462341 a prime number?
False
Is 45008213 prime?
True
Is 3429287 composite?
False
Is 31238581 prime?
False
Is 6624581 a prime number?
True
Is 833905 a composite number?
True
Is 4209245 a composite number?
True
Is 478570589 composite?
True
Is 1086859 composite?
False
Is 1626733 a composite number?
True
Is 2160959 a prime number?
False
Is 197000527 composite?
True
Is 1658113 a prime number?
False
Is 18895951 a composite number?
False
Is 49597237 a prime number?
True
Is 822897926 composite?
True
Is 60813561 prime?
False
Is 8692729 composite?
True
Is 43712887 a prime number?
True
Is 2995413 a composite number?
True
Is 105315011 composite?
False
Is 29210719 composite?
True
Is 30470347 a composite number?
False
Is 15174371 composite?
False
Is 296957803 prime?
True
Is 781534298 a prime number?
False
Is 204102781 a composite number?
True
Is 20325562 a composite number?
True
Is 206025011 prime?
True
Is 82226647 composite?
False
Is 4984886 composite?
True
Is 6763129 prime?
True
Is 57241559 a composite number?
False
Is 14454703 prime?
True
Is 529981243 a prime number?
False
Is 74253551 composite?
True
Is 2895301 composite?
False
Is 477784949 a composite number?
True
Is 9620093 prime?
False
Is 138991 a composite number?
True
Is 49253289 a prime number?
False
Is 17507491 composite?
False
Is 940721 a composite number?
False
Is 15686947 a prime number?
True
Is 80179819 composite?
True
Is 544972555 prime?
False
Is 144764569 a composite number?
False
Is 3600773 a composite number?
True
Is 42724219 a prime number?
True
Is 2094817 a prime number?
False
Is 448837891 a composite number?
True
Is 11537443 prime?
True
Is 543811 prime?
True
Is 11504137 composite?
False
Is 219911 prime?
True
Is 10584401 a composite number?
True
Is 1370393 a prime number?
False
Is 31518386 a prime number?
False
Is 6762037 a composite number?
False
Is 40149303 composite?
True
Is 4170931 a prime number?
False
Is 2473253 composite?
True
Is 17186387 a prime number?
False
Is 22302263 composite?
False
Is 1667321 a composite number?
False
Is 645313 composite?
False
Is 191526565 composite?
True
Is 5717633 composite?
True
Is 43829633 a prime number?
True
Is 83957402 composite?
True
Is 4674833 prime?
True
Is 2527341 composite?
True
Is 880409 composite?
False
Is 603719029 a prime number?
True
Is 89455 a composite number?
True
Is 1075391 prime?
True
Is 8373983 prime?
True
Is 123515009 prime?
True
Is 1216321 prime?
False
Is 2348323 composite?
True
Is 13277741 prime?
False
Is 30989649 a prime number?
False
Is 187442197 a prime number?
False
Is 15053767 a prime number?
False
Is 1218131 a prime number?
True
Is 106109257 composite?
True
Is 7732271 a prime number?
False
Is 1840169 a composite number?
True
Is 131476009 composite?
True
Is 860395 prime?
False
Is 10724303 a prime number?
False
Is 96156043 composite?
True
Is 64578707 a composite number?
False
Is 19610113 composite?
True
Is 3570694 a prime number?
False
Is 130597447 a composite number?
False
Is 180969823 a prime number?
True
Is 30838603 a composite number?
False
Is 21748717 prime?
True
Is 1157267 prime?
False
Is 28269039 composite?
True
Is 62270773 a composite number?
True
Is 2232959173 prime?
False
Is 2532593 a prime number?
False
Is 1936999 composite?
False
Is 701791 a composite number?
False
Is 10825279 a prime number?
True
Is 70980977 prime?
True
Is 41895499 prime?
True
Is 338047 a prime number?
False
Is 92273017 a prime number?
True
Is 4332929 a prime number?
True
Is 470665633 composite?
True
Is 1684741 composite?
False
Is 17122745 a composite number?
True
Is 18480503 a composite number?
False
Is 623 prime?
False
Is 98813413 a prime number?
True
Is 10139867 composite?
False
Is 77084617 prime?
False
Is 3434219 a composite number?
True
Is 12569 prime?
True
Is 2795154913 prime?
False
Is 1314379 a composite number?
True
Is 32149151 composite?
False
Is 113809737 a prime number?
False
Is 7174697 a prime number?
False
Is 5064303 composite?
True
Is 106643791 a composite number?
True
Is 162859054 composite?
True
Is 3364763 composite?
False
Is 41205967 composite?
True
Is 24690958 composite?
True
Is 287403251 composite?
False
Is 122651 a composite number?
False
Is 5049091 a composite number?
True
Is 66938797 a composite number?
False
Is 7651409 composite?
True
Is 7099781 prime?
False
Is 8610709 prime?
False
Is 180075409 composite?
True
Is 28387 a prime number?
True
Is 2809183 a composite number?
True
Is 19000153 a composite number?
False
Is 20843443 a composite number?
False
Is 1702661 a prime number?
True
Is 108061783 a prime number?
False
Is 95597 prime?
True
Is 2837389 a composite number?
True
Is 176031469 prime?
True
Is 20418439 composite?
False
Is 416497 composite?
False
Is 156387587 a composite number?
False
Is 13260761 a prime number?
False
Is 78055489 a composite number?
True
Is 1305229 a prime number?
True
Is 880471 prime?
False
Is 121216881 composite?
True
Is 16261633 composite?
False
Is 225250887 prime?
False
Is 190396963 a composite number?
False
Is 9067493 a composite number?
True
Is 136846817 a prime number?
True
Is 817541287 composite?
False
Is 223528579 composite?
False
Is 6889507 prime?
False
Is 5636291 prime?
True
Is 707081 a composite number?
True
Is 23540669 a prime number?
True
Is 4147943 composite?
False
Is 9065599 a composite number?
True
Is 190105133 composite?
False
Is 55515833 a composite number?
False
Is 142169 a prime number?
True
Is 16941389 composite?
True
Is 566089 composite?
False
Is 4930693 a prime number?
True
Is 1473933561 prime?
False
Is 85442059 a prime number?
True
Is 27316207 composite?
True
Is 247483751 a composite number?
False
Is 2272583 prime?
False
Is 580611631 a composite number?
False
Is 1661158 a prime number?
False
Is 1682333 a composite number?
False
Is 55813897 a composite number?
True
Is 3386091 a composite number?
True
Is 12113557 composite?
False
Is 48892981 a prime number?
True
Is 47712061 a composite number?
True
Is 2118269 prime?
True
Is 73826401 a prime number?
False
Is 1782427 a prime number?
False
Is 256285 a prime number?
False
Is 6009161 composite?
True
Is 27226501 a prime number?
False
Is 10726109 a prime number?
False
Is 125281577 a prime number?
False
Is 677112103 prime?
True
Is 262681231 composite?
False
Is 55017349 a composite number?
False
Is 720749 composite?
True
Is 56770907 composite?
False
Is 6208603 a composite number?
False
Is 160123 a prime number?
False
Is 261249091 a prime number?
True
Is 1818407 composite?
False
Is 19184749 prime?
False
Is 299061131 a composite number?
False
Is 20306291 composite?
False
Is 5727751 composite?
False
Is 17992757 a prime number?
True
Is 17047 composite?
False
Is 36034547 prime?
True
Is 8042315 a composite number?
True
Is 44732057 composite?
False
Is 40920029 prime?
False
Is 11597515 composite?
True
Is 10241087 prime?
True
Is 200333 a composite number?
True
Is 2277061 a prime number?
True
Is 704541 prime?
False
Is 26758621 composite?
True
Is 20714243 a composite number?
True
Is 595817 a composite number?
False
Is 4056641 prime?
True
Is 133315909 a prime number?
True
Is 192731494 prime?
False
Is 3878089 composite?
True
Is 3413219 composite?
True
Is 1368413 a composite number?
True
Is 16766963 composite?
False
Is 8571151 a prime number?
True
Is 4755331 a prime number?
False
Is 116900123 composite?
True
Is 6013141 a prime number?
True
Is 370034167 composite?
False
Is 20613823 a composite number?
True
Is 8141921 composite?
True
Is 104049167 a composite number?
False
Is 31916091 composite?
True
Is 79055147 prime?
True
Is 51656771 prime?
False
Is 43215743 a prim